{"id":2,"date":"2026-02-21T05:37:29","date_gmt":"2026-02-21T05:37:29","guid":{"rendered":"https:\/\/pszichoverzum.hu\/?page_id=2"},"modified":"2026-02-21T05:42:13","modified_gmt":"2026-02-21T05:42:13","slug":"sample-page","status":"publish","type":"page","link":"https:\/\/pszichoverzum.hu\/","title":{"rendered":"F\u0151oldal"},"content":{"rendered":"\n<p><strong>Pszichoverzum L\u00e9lektani K\u00f6zpont \u2013 Hamarosan meg\u00fajulunk!<\/strong><\/p>\n\n\n\n<p>\u00dcdv\u00f6z\u00f6lj\u00fck! \u00d6r\u00f6mmel \u00e9rtes\u00edtj\u00fck, hogy XVII. ker\u00fcleti k\u00f6zpontunk weboldala fejleszt\u00e9s alatt \u00e1ll, hogy hamarosan m\u00e9g \u00e1tl\u00e1that\u00f3bb \u00e9s informat\u00edvabb fel\u00fclettel seg\u00edthess\u00fck \u00d6n\u00f6ket.<\/p>\n\n\n\n<p><strong>J\u00f3 h\u00edr\u00fcnk van: k\u00f6zpontunk zavartalanul m\u0171k\u00f6dik!<\/strong>&nbsp;<\/p>\n\n\n\n<p>Szakembereink jelenleg is fogadj\u00e1k a r\u00e9gi \u00e9s \u00faj klienseket a 1174 Budapest, Sz\u00e9chenyi u. 52. sz\u00e1m alatt.<\/p>\n\n\n\n<p>Ha id\u0151pontot szeretne foglalni, vagy k\u00e9rd\u00e9se van szolg\u00e1ltat\u00e1sainkkal kapcsolatban, keressen minket bizalommal az al\u00e1bbi el\u00e9rhet\u0151s\u00e9gen:<\/p>\n\n\n\n<p><strong>El\u00e9rhet\u0151s\u00e9geink:<\/strong><\/p>\n\n\n\n<p>\ud83d\udcde\u00a0<strong>Telefon:<\/strong>\u00a0<a href=\"tel:36204499336\">+36 20 4499 336<\/a><\/p>\n\n\n\n<p>\u2709\ufe0f&nbsp;<strong>E-mail:&nbsp;<a href=\"mailto:pszichoverzum@gmail.com\">pszichoverzum@gmail.com<\/a><\/strong><\/p>\n\n\n\n<p>\ud83d\udccd\u00a0<strong>C\u00edm:<\/strong>\u00a0<a href=\"https:\/\/maps.app.goo.gl\/jTdn8CbUPU9mBzvZ8\" data-type=\"link\" data-id=\"https:\/\/maps.app.goo.gl\/jTdn8CbUPU9mBzvZ8\">1174 Budapest, Sz\u00e9chenyi u. 52.<\/a><\/p>\n\n\n\n<p>V\u00e1rjuk megkeres\u00e9s\u00e9t telefonon vagy e-mailben is!<\/p>\n\n\n\n<p><\/p>\n","protected":false},"excerpt":{"rendered":"<p>Pszichoverzum L\u00e9lektani K\u00f6zpont \u2013 Hamarosan meg\u00fajulunk! \u00dcdv\u00f6z\u00f6lj\u00fck! \u00d6r\u00f6mmel \u00e9rtes\u00edtj\u00fck, hogy XVII. ker\u00fcleti k\u00f6zpontunk weboldala fejleszt\u00e9s alatt \u00e1ll, hogy hamarosan m\u00e9g \u00e1tl\u00e1that\u00f3bb \u00e9s informat\u00edvabb fel\u00fclettel seg\u00edthess\u00fck \u00d6n\u00f6ket. J\u00f3 h\u00edr\u00fcnk van: k\u00f6zpontunk zavartalanul m\u0171k\u00f6dik!&nbsp; Szakembereink jelenleg is fogadj\u00e1k a r\u00e9gi \u00e9s \u00faj klienseket a 1174 Budapest, Sz\u00e9chenyi u. 52. sz\u00e1m alatt. Ha id\u0151pontot szeretne foglalni, vagy k\u00e9rd\u00e9se [&hellip;]<\/p>\n","protected":false},"author":1,"featured_media":0,"parent":0,"menu_order":0,"comment_status":"closed","ping_status":"open","template":"","meta":{"footnotes":""},"class_list":["post-2","page","type-page","status-publish","hentry"],"_links":{"self":[{"href":"https:\/\/pszichoverzum.hu\/index.php\/wp-json\/wp\/v2\/pages\/2","targetHints":{"allow":["GET"]}}],"collection":[{"href":"https:\/\/pszichoverzum.hu\/index.php\/wp-json\/wp\/v2\/pages"}],"about":[{"href":"https:\/\/pszichoverzum.hu\/index.php\/wp-json\/wp\/v2\/types\/page"}],"author":[{"embeddable":true,"href":"https:\/\/pszichoverzum.hu\/index.php\/wp-json\/wp\/v2\/users\/1"}],"replies":[{"embeddable":true,"href":"https:\/\/pszichoverzum.hu\/index.php\/wp-json\/wp\/v2\/comments?post=2"}],"version-history":[{"count":3,"href":"https:\/\/pszichoverzum.hu\/index.php\/wp-json\/wp\/v2\/pages\/2\/revisions"}],"predecessor-version":[{"id":9,"href":"https:\/\/pszichoverzum.hu\/index.php\/wp-json\/wp\/v2\/pages\/2\/revisions\/9"}],"wp:attachment":[{"href":"https:\/\/pszichoverzum.hu\/index.php\/wp-json\/wp\/v2\/media?parent=2"}],"curies":[{"name":"wp","href":"https:\/\/api.w.org\/{rel}","templated":true}]}}